he tens digit of c/(g/(-3)) - 126/(-7)?
2
Let f = 639 - -36251. What is the ten thousands digit of f?
3
Let c(m) = 2*m**3 + m**2 + 3*m + 2. Let p be c(-1). Let t be 139/(-7) + p/14. Let u = 73 - t. What is the tens digit of u?
9
Let u(l) be the first derivative of 28*l**3/3 - 6*l**2 + 48*l - 132. What is the tens digit of u(5)?
8
Suppose 26*l = 29*l - 2*w - 1733, 5*l = 4*w + 2891. What is the units digit of l?
5
Suppose -5*f + 3*h + 31779 = 0, 5*h + h - 6402 = -f. What is the units digit of f?
0
Let s = -19806 - -28820. What is the thousands digit of s?
9
What is the thousands digit of 146604656/8976 + 6/153?
6
Let w(v) = 723*v + 21. Let t = -94 + 95. What is the units digit of w(t)?
4
Let p(t) = 22*t**3 - t**2 - 82*t + 71. What is the tens digit of p(10)?
5
Let g(q) = 72*q + 451. What is the tens digit of g(68)?
4
Let m(k) = -147*k - 5. Let y be m(-6). Suppose n - y = -531. What is the tens digit of n?
4
Suppose -5*h = -d - 0 + 2, 0 = d + 3. Let q(t) = -206*t + 2. Let n be q(h). Suppose 2*j - 6*j = -n. What is the tens digit of j?
5
Let j(h) = -2*h. Let l(p) = -80*p + 55. Let i(v) = 3*j(v) - l(v). What is the hundreds digit of i(5)?
3
Let i = -403 + 354. Let q(s) = -16*s + 74. What is the tens digit of q(i)?
5
Let y(h) = 879*h**2 - 8*h + 7. What is the tens digit of y(1)?
7
Suppose 3*y - 3*s - 6 - 30 = 0, y = 5*s + 32. Suppose 4*a = -3*j + 4 + y, -5*j + 10 = 5*a. Let v(d) = 4*d + 16. What is the units digit of v(a)?
6
Suppose -4*v = -5*w + v, 0 = 2*w - 4*v. Let u(n) = 6 - 11*n - 33 + w*n - 2*n. What is the hundreds digit of u(-17)?
1
Let k = -623 + 625. Suppose -k*l = -7*l + 7740. What is the hundreds digit of l?
5
Suppose -29355 = -2*f + l, -5*l + 77305 = 4*f + 18588. What is the tens digit of f?
7
Suppose 0 = -6*d + 53 - 29. Suppose 0 = 5*c - d*o + 1 + 25, 5*c - 5*o + 30 = 0. What is the units digit of 13026/65 - (-2)/(-5) - c?
2
Suppose 14*f = 21*f - 819. Suppose -3*w = f - 147. Let i(c) = -c**3 + 15*c**2 - 28*c - 12. What is the tens digit of i(w)?
0
Let f(p) = -8*p + 32. Let w(o) = -8*o + 31. Let n(r) = r**3 - 5*r**2 - 3. Let i be n(5). Let m(g) = i*f(g) + 2*w(g). What is the units digit of m(16)?
4
Suppose -2*p - 590 = -3*l, -2*l - 5*p = -240 - 185. Let j be 1 - -8 - (-8)/(-2). Suppose l - 600 = -j*u. What is the units digit of u?
0
Suppose -3*q = 2*q. Suppose q = 5*g + 4*s - 240, -5*g + 0*s = -s - 215. Let j = g - -47. What is the units digit of j?
1
Let g(z) = 10*z**2 + 293*z + 5675. What is the tens digit of g(-18)?
4
What is the hundreds digit of 540529*22/242 + -10?
1
Suppose 3*l = 2*n - 51283, 6*l - 76917 = -3*n + 3*l. What is the ten thousands digit of n?
2
Suppose 4*a + 457 = 10997. What is the tens digit of a?
3
Let r = 1640 - 440. Let d be 60/144 + 1/3 - (-267)/12. Suppose r = -15*n + d*n. What is the hundreds digit of n?
1
Let o be (15/(-6) - -3)*12. Let x(a) = -4*a**3 + 27*a**2 - 4*a - 5. What is the tens digit of x(o)?
7
Suppose -5*s = 15, 91423 = 2*f + 239*s - 234*s. What is the units digit of f?
9
Let s(w) = 10*w**2 - w - 4. Let o(n) = 11*n**2 - 2*n - 4. Let i(j) = -5*o(j) + 6*s(j). Let q be i(1). Let z = q - -84. What is the units digit of z?
9
Suppose q + f + 4 = 5, 5*q - 7 = -4*f. Let d(g) = 21 - 17 + 5*g + 27*g. What is the units digit of d(q)?
0
Let l be -1 + (-14 + -3)*-3. Let j = l + -48. Suppose -3*v + 247 = -j*v. What is the units digit of v?
7
Let s be 3 - (5 + 20 - (-2)/2). Let v = s + 26. Suppose 2*j + 5*k - 7 = 7, v*j - 12 = -3*k. What is the units digit of j?
2
Let b = -19 - -43. Let q(d) = -318*d**2 - 274*d**2 + 42 - 21*d + 593*d**2. What is the units digit of q(b)?
4
Let c(m) = 4*m**2 + 11*m + 21. Let a be (-130)/40*(-12)/(-3). What is the hundreds digit of c(a)?
5
Let v(t) = -t**3 + 2*t**2 + 2. Let w be v(2). Suppose 2*h = -w*c + 6*c - 4, 2*h + 4 = 2*c. Suppose c*j = -3*j + 222. What is the units digit of j?
4
Let r(w) = -7*w + 205. Let m be r(15). Suppose 111*x - 8602 = m*x. What is the hundreds digit of x?
7
Suppose 23*n = 19*n + 56. Suppose 8*k + 420 = n*k. Suppose 406 = 8*b - 3*b - 4*t, -2*t = b - k. What is the units digit of b?
8
Let d(i) = -2*i**3 + i**2 - 14*i - 269. What is the hundreds digit of d(-7)?
5
Let t = -36 - -46. Suppose -5*g + t = 0, 0 = -w + g - 2*g + 10. Suppose 0 = w*f - 13*f + 415. What is the units digit of f?
3
Let z = 24 - 42. Let v(h) = -2*h**2 + 5*h + 1. Let d be v(3). What is the tens digit of z*d*(-4)/(-8)*1?
1
Let m(k) = 3*k**2 + 6*k + 24. Let b be m(-6). Let j = b - 21. What is the units digit of j?
5
What is the tens digit of (45290/1)/2 + -1 + -6 + 4?
4
Suppose -56 = 23*q - 22*q. What is the units digit of q/(-21)*(-4986)/(-96)*4?
4
Suppose -h - 3*o = 10, 10 = -h + 2*h - 2*o. Suppose -3*m + 2*q = -571, -370 = -h*m + 27*q - 23*q. What is the units digit of m?
3
Suppose 162*o + 148639 = 30*o + 1669411. What is the ten thousands digit of o?
1
Let p = -6481 + 17628. What is the units digit of p?
7
Let b = -2648 - -16024. What is the thousands digit of b?
3
Suppose 2*o = 5*m + 20991, -71*o + 73*o - 3*m = 20993. What is the units digit of o?
8
Let f = 24723 + -11266. What is the ten thousands digit of f?
1
Suppose -380*r - 23463 = -413*r. What is the hundreds digit of r?
7
Suppose 5*w - 1033*r + 1036*r = 26205, 5*w = -4*r + 26200. What is the thousands digit of w?
5
Suppose 2*n + 4047 = 3*o - n, -o = -4*n - 1364. Let z = o + -583. What is the units digit of z?
1
Let o be 7*44/231 - (-136)/6. What is the tens digit of o/3*350/(-8)*-2?
0
Let g(a) = 2*a**2 + 27*a - 503. Let b be g(-24). Let o(p) = 4 + 220*p + 215*p - 161*p. What is the hundreds digit of o(b)?
2
Let j(m) be the third derivative of -155*m**4/24 - 13*m**3/6 - 79*m**2 + 2. What is the units digit of j(-2)?
7
Suppose 267338 + 48502 = 140*y. What is the units digit of y?
6
Suppose -4*b - 29 = -3*a, 11*b - 16*b - 31 = -2*a. Suppose -4*w + 541 = a*z - 890, 5*z = -3*w + 2385. What is the hundreds digit of z?
4
Suppose -255 = 10*m - 895. Suppose -8 - 5 = y. Let f = m - y. What is the tens digit of f?
7
Suppose 0 = 5*b + 7*c - 7156, 36*c = -b + 31*c + 1424. What is the tens digit of b?
3
Let b(k) = 2*k - 7. Suppose -2*s + 2*r = -4, 4*r - r - 29 = -4*s. Let m be b(s). Suppose -4 = -q - m. What is the units digit of q?
1
Let r be 7 + (24/20)/((-6)/(-15)). What is the thousands digit of (-2*8)/(r/(-725))?
1
Let v = 23 - 20. Suppose -7*c + 40 = -v*c. What is the tens digit of (c/(-25))/(-3 + (-1167)/(-390))?
5
Let k(y) = -141*y + 147. Let r(m) = 281*m - 292. Let q(o) = -5*k(o) - 2*r(o). What is the hundreds digit of q(5)?
5
Suppose 0 = -83*m - 71*m + 1100638. What is the units digit of m?
7
Let m = 80681 - 32650. What is the tens digit of m?
3
Let n = -54 + 58. Let p be (n/22 - (-693)/(-484))*-4. What is the units digit of 6 - p - 1/((-2)/186)?
4
Let m(l) = 38905*l + 199. What is the thousands digit of m(1)?
9
Suppose 0 = -4*y + 41 - 25. Let c(x) be the third derivative of -x**6/120 + x**5/12 + 5*x**4/24 - x**3 + x**2. What is the units digit of c(y)?
0
Let k(v) = -45 + 7*v**2 + 131*v - 49*v - 61*v. What is the hundreds digit of k(6)?
3
Let p = 110 - 89. Let i(c) = 112 + 6*c - p + 23. What is the units digit of i(0)?
4
Let u be 2*(-4 + 790/12*3). Let c = u - 165. What is the hundreds digit of c?
2
Let c(f) = -f**2 + f + 12. Let q be c(-3). Let a = 5 + q. Suppose -r = -4*n + 116, -n - 2*n + 110 = a*r. What is the units digit of n?
0
Suppose 0 = 21*w - 19*w. Suppose 5*v + 4*o + 5 = w, o = 5*v - 9 - 11. Suppose -2*t - 2*t - 2*b = 6, 0 = -v*t - 3*b - 12. What is the units digit of t?
1
Let r = 65622 - 8195. What is the units digit of r?
7
Let j(f) = f**2 - f - 4. Let p be j(3). Suppose -6 = 4*q - 5*t + 3*t, -10 = -p*t. Let l(v) = 43*v + 1. What is the tens digit of l(q)?
4
Let g = -33 - -12. Let a be (-1 - 2) + g/(-3). Suppose a*h + 2*r = -h + 133, 2*h - 2*r - 42 = 0. What is the units digit of h?
5
Let d(g) = g**2 - 13*g + 16. Let a be d(12). Suppose a*r - 4*l - 36 = 0, 5*r + 14*l - 15 = 9*l. What is the units digit of r?
6
Let b(q) = -1876*q + 1874*q + 4*q**2 + 6 + 17*q**2. What is the tens digit of b(2)?
8
Suppose -w = -3*y - 17241, 27*w + 2*y = 29*w - 34450. What is the tens digit of w?
1
What is the hundreds digit of (-2252925)/(-136) + 5*-1 - 3/(-8)?
5
What is the ten thousands digit of 0 + (-2)/(-2) + 2003484/161?
1
Wha